is -2210 (base 3) in base 5?
-300
Convert -13327 (base 8) to base 4.
-1123113
What is 75c (base 16) in base 10?
1884
What is 21235 (base 6) in base 16?
b57
-197b (base 13) to base 14
-156c
Convert 37a9 (base 11) to base 8.
11537
Convert 155 (base 15) to base 14.
17b
-25145 (base 6) to base 2
-111010011001
Convert 237 (base 12) to base 7.
652
1d8 (base 15) to base 2
110101100
Convert -1334 (base 9) to base 16.
-3eb
22200201 (base 3) to base 4
1203001
Convert 10102021111 (base 3) to base 5.
4123040
Convert -854 (base 9) to base 5.
-10242
114 (base 6) to base 3
1201
-26b6 (base 15) to base 8
-20117
What is 21033 (base 5) in base 16?
571
What is 7e91 (base 15) in base 10?
26911
Convert -1000111111110 (base 2) to base 3.
-20022121
7579 (base 13) to base 10
16324
Convert 1378 (base 10) to base 5.
21003
What is -110310 (base 4) in base 5?
-20312
243404 (base 5) to base 13
427c
Convert -569 (base 12) to base 4.
-30201
What is 1003311 (base 4) in base 13?
1c8c
248 (base 10) to base 13
161
What is 283 (base 10) in base 4?
10123
Convert -155 (base 14) to base 13.
-17b
What is -20223 (base 4) in base 13?
-339
1a9 (base 12) to base 14
157
9d (base 14) to base 10
139
Convert -4a34 (base 14) to base 16.
-32b6
What is 1440 (base 5) in base 8?
365
1b5c7 (base 13) to base 6
1052440
-163 (base 10) to base 15
-ad
What is -130403 (base 7) in base 16?
-5e91
What is -121000212 (base 3) in base 16?
-2da7
What is 6206 (base 8) in base 12?
1a32
-104 (base 8) to base 13
-53
What is -2231 (base 6) in base 7?
-1345
What is -1124230 (base 5) in base 15?
-6160
-30868 (base 10) to base 7
-155665
-1288 (base 9) to base 8
-1713
What is -430241 (base 5) in base 13?
-6763
Convert 11120322 (base 4) to base 2.
101011000111010
-b3f0 (base 16) to base 5
-2433224
-12257 (base 10) to base 5
-343012
What is -4260 (base 7) in base 13?
-8c4
What is a2 (base 16) in base 7?
321
Convert 2100111 (base 3) to base 12.
baa
Convert -10000101001100 (base 2) to base 13.
-3b59
12022 (base 3) to base 15
98
What is 6a68 (base 14) in base 9?
27353
What is 105500 (base 6) in base 8?
21514
What is 13432 (base 10) in base 16?
3478
What is -1001100000011 (base 2) in base 16?
-1303
Convert 175 (base 10) to base 15.
ba
What is -84c4 (base 13) in base 8?
-43754
-46683 (base 9) to base 10
-31179
11733 (base 10) to base 15
3723
-4c2 (base 13) to base 9
-1126
43 (base 6) to base 14
1d
What is -354 (base 7) in base 10?
-186
134c (base 14) to base 9
4587
1101231 (base 4) to base 15
1839
Convert 2776 (base 14) to base 15.
20e4
What is 1021210 (base 3) in base 13?
573
What is 102122 (base 3) in base 11?
266
What is -280 (base 10) in base 9?
-341
Convert 1eb (base 15) to base 9.
545
1037c (base 13) to base 5
1413141
What is -100010111101001 (base 2) in base 11?
-124a0
Convert -272 (base 10) to base 9.
-332
Convert -136 (base 10) to base 6.
-344
What is -1111111000 (base 2) in base 9?
-1348
Convert 168a (base 16) to base 3.
21220201
What is 9 (base 13) in base 15?
9
What is 4642 (base 7) in base 11?
1302
-1052 (base 6) to base 7
-503
Convert 17380 (base 13) to base 3.
2021010001
3898 (base 16) to base 5
430423
Convert 512 (base 8) to base 13.
1c5
What is 203244 (base 5) in base 7?
25350
Convert 101211001 (base 3) to base 14.
2c33
22535 (base 6) to base 10
3227
-c2 (base 15) to base 4
-2312
-1122021 (base 4) to base 6
-42413
What is -6fd (base 16) in base 10?
-1789
Convert -1453 (base 7) to base 5.
-4302
115 (base 9) to base 16
5f
Convert 58c7 (base 15) to base 7.
105664
Convert -112000 (base 3) to base 14.
-1d0
Convert 45a7 (base 11) to base 9.
8257
What is -1023 (base 6) in base 13?
-14a
-11223230 (base 4) to base 15
-6d6b
Convert -100011011100 (base 2) to base 11.
-1782
What is 16693 (base 12) in base 11?
22113
Convert e6 (base 16) to base 13.
149
Convert -10202 (base 10) to base 6.
-115122
Convert -1286 (base 10) to base 13.
-77c
What is -16430 (base 7) in base 3?
-20102012
Convert 20729 (base 10) to base 9.
31382
13 (base 5) to base 13
8
What is -4440031 (base 5) in base 2?
-10010111011001100
Convert 66153 (base 9) to base 11.
2aa61
What is -401200 (base 6) in base 16?
-7aa0
Convert 389 (base 11) to base 13.
295
-1882 (base 14) to base 15
-14a1
What is 3424 (base 7) in base 2?
10011011011
203133 (base 4) to base 6
14303
What is -1ae (base 16) in base 5?
-3210
What is -3440 (base 9) in base 15?
-b4c
What is -42210 (base 10) in base 4?
-22103202
-1103010 (base 4) to base 10
-5316
3a7d (base 16) to base 10
14973
Convert -2517 (base 10) to base 8.
-4725
What is -246 (base 10) in base 16?
-f6
What is 21123330 (base 4) in base 9?
58016
6896 (base 12) to base 2
10110101110010
2bb (base 13) to base 2
111101100
210 (base 13) to base 14
1b1
Convert 16457 (base 11) to base 15.
6ced
2578 (base 10) to base 2
101000010010
58a3 (base 11) to base 2
1111000111000
-20250 (base 7) to base 13
-2328
Convert 111302 (base 4) to base 8.
2562
What is -13012 (base 4) in base 8?
-706
What is -101001110 (base 2) in base 12?
-23a
-22 (base 13) to base 12
-24
Convert 20111000 (base 4) to base 14.
c608
What is 1411443 (base 5) in base 7?
150354
200211 (base 3) to base 5
4013
What is -35865 (base 10) in base 6?
-434013
-69 (base 15) to base 3
-10200
What is -22a8 (base 12) in base 11?
-2a00
What is 1225 (base 6) in base 8?
461
Convert -22111 (base 8) to base 5.
-244124
What is 13b70 (base 13) in base 10?
37102
212303 (base 4) to base 2
100110110011
What is 1389 (base 14) in base 10?
3453
Convert -261 (base 10) to base 5.
-2021
345 (base 9) to base 14
164
What is 22213333 (base 4) in base 15?
cd64
Convert -770 (base 11) to base 3.
-1021020
Convert -112100 (base 3) to base 9.
-470
What is 1925 (base 12) in base 8?
5755
What is -3c7 (base 15) in base 5?
-11422
-39b (base 15) to base 13
-4b2
1224 (base 7) to base 10
459
2489 (base 10) to base 15
b0e
What is -1000011101000111 (base 2) in base 8?
-103507
-206 (base 12) to base 13
-198
What is 105 (base 12) in base 8?
225
Convert 20bb3 (base 12) to base 2.
1010100010110111
What is -554 (base 13) in base 3?
-1020212
-1742 (base 13) to base 7
-13004
Convert -111310 (base 4) to base 11.
-105a
3c24 (base 14) to base 13
4aa8
Convert -956 (base 11) to base 9.
-1517
What is -43514 (base 11) in base 8?
-173311
-26628 (base 11) to base 14
-dc00
2b63 (base 12) to base 3
21000110
Convert 4060 (base 13) to base 6.
105014
-29848 (base 11) to base 10
-42281
-2231120 (base 5) to base 2
-1001101001101111
Convert 18 (base 14) to base 6.
34
What is 7d (base 16) in base 6?
325
Convert -3065 (base 7) to base 11.
-899
What is -110001001 (base 2) in base 13?
-243
144c (base 15) to base 8
10373
Convert 5414 (base 7) to base 3.
2122012
What is 11000111001 (base 2) in base 16?
639
Convert 1715 (base 10) to base 8.
3263
-1000110111 (base 2) to base 3
-210000
Convert -1320a (base 12) to base 8.
-63152
-23376 (base 9) to base 16
-3d05
What is a31 (base 13) in base 6?
12002
Convert -323321 (base 4) to base 11.
-2975
What is -1249 (base 14) in base 2?
-110010000001
50 (base 7) to base 6
55
Convert -111111011101 (base 2) to base 9.
-5512
What is 10101111 (base 3) in base 6?
15234
12021100 (base 3) to base 11
2984
-690 (base 14) to base 13
-792
424 (base 15) to base 4
32212
What is 31735 (base 9) in base 6?
241135
What is -223030 (base 5) in base 7?
-32001
Convert 6051 (base 7) to base 3.
2212120
11000 (base 2) to base 8
30
What is 4055 (base 6) in base 10?
899
Convert -66a7 (base 11) to base 6.
-104513
-18e9 (base 16) to base 3
-22202012
18358 (base 9) to base 7
51665
-2022011001 (base 3) to base 7
-246043
What is -3a8 (base 11) in base 12?
-341
-781 (base 12) to base 13
-670
9fe (base 16) to base 2
100111111110
Convert -2e9 (base 15) to base 10.
-669
What is -69b4 (base 15) in base 12?
-10ba4
Convert 353455 (base 7) to base 10.
63691
What is -212114 (base 6) in base 5?
-1023301
What is -12132 (base 9) in base 2?
-1111111000001
Convert -162432 (base 7) to base 4.
-13311312
What is 43142 (base 5) in base 4?
231222
What is -bc3 (base 15) in base 14?
-d7c
23030 (base 4) to base 7
2042
-251 (base 8) to base 6
-441
Convert 230020 (base 5) to base 11.
6126
What is -b3 (base 12) in base 9?
-160
Convert 2131 (base 13) to base 8.
10773
-2321033 (base 4) to base 8
-27117
What is -5044 (base 12) in base 7?
-34225
Convert -27217 (base 8) 